 q(r) = -r**3 - 26*r**2 + 4*r + 37. Let j be q(-26). Let l = 81 + j. Calculate the greatest common factor of l and 434.
14
Suppose 0 = 4*u + 37 - 93. Suppose -16*t + u*t = -88. Suppose 47*m - 144 = t*m. Calculate the greatest common factor of 12 and m.
12
Let z = 4683 - 4483. Calculate the highest common factor of 5450 and z.
50
Suppose v + 2*w = 18, 0 = -5*w - 3 - 2. Let r(j) = -2*j**2 + 41*j + 40. Let g be r(v). Calculate the highest common divisor of g and 36.
12
Suppose -5*x = 25, -10 = -i - x + 2. Suppose -i = -k + 5*f + 1, -162 = -5*k + f. What is the greatest common factor of k and 9?
3
Let u(y) = 4*y - 23. Let b be u(17). Suppose -5*x = -x + 3*n - 26, 5*n = -5*x + 30. Let g be 2/x + (-35)/(-4). What is the greatest common divisor of g and b?
9
Let v be 5 + ((-10)/(-2) - 22). Let u = 17 + v. Suppose -5*c + 2*x = -6 - 15, 0 = -u*c + 4*x + 17. What is the greatest common divisor of c and 5?
5
Let g = -31 - -81. Let w be ((-11)/22 + 1)/(3/1050). What is the greatest common divisor of g and w?
25
Let h = 3 - 4. Let p be 337/3 - h/(-3). Let a = -28281 + 28297. Calculate the greatest common divisor of a and p.
16
Let p(h) = -30*h - 4. Let o be p(-5). Let c = 2719 - 2646. What is the highest common factor of c and o?
73
Let i be 2376/240*8/6 - 40/(-50). Calculate the greatest common divisor of 19026 and i.
14
Let p be (196/(-6))/((-2)/(-12)). Let v(f) = 2*f**2 - 47*f - 142. Let m be v(24). Let x = m - p. What is the highest common factor of x and 26?
26
Suppose 25 - 10 = -3*c. Let v be (-3)/(30/(-12)*(-3)/c). Suppose -5*k = 0, 2*j - 67 + 11 = -v*k. Calculate the greatest common divisor of j and 140.
28
Let q be 0 + 0 + 13 - (1971 + -1974). Let h = 25 + 231. Calculate the highest common factor of h and q.
16
Suppose 4416 = 45*w + 51*w - 72*w. Calculate the greatest common divisor of w and 3979.
23
Let t = -651 - -655. Suppose -k = t*k - 125. Suppose 2*m - 4*j + 2 = 0, -2*m - 3*m + 22 = -j. What is the greatest common divisor of m and k?
5
Suppose 5*r - 8534 = 2*j - 4*j, 0 = -3*j + 21. What is the highest common divisor of 213 and r?
213
Suppose -2*z = 96 - 16. Let q be (-4 - -94)*(-1)/(-2). Let r = q + z. What is the highest common divisor of r and 40?
5
Let v = 3426 + -1135. What is the greatest common divisor of v and 79?
79
Suppose -p + 101 = -78. Let a = -159 + p. Calculate the greatest common divisor of 80 and a.
20
Let p(z) = 3*z + 1. Let a(w) = 58*w - 12. Let i(y) = a(y) - 6*p(y). Let k be i(3). What is the highest common divisor of k and 24?
6
Let m be ((-4 - -11) + (-42)/7)/((-2)/(-36)). Calculate the highest common divisor of m and 1104.
6
Let w be -109 + 110 - (1 - 72). Calculate the highest common divisor of w and 6984.
72
Suppose 6*g = 101 + 757. Let n be g/13 + (-2)/2. Let j be n*(261/(-6))/(-3). What is the highest common divisor of j and 29?
29
Let p(h) = h**2 - 3*h + 7. Let c be p(7). Let r be (2/((-4)/3))/(132/(-176)). Suppose 7*z - 1225 = r*z. What is the greatest common divisor of c and z?
35
Let s be (-2)/(-17) - ((-1159004)/187 - 2). Calculate the greatest common divisor of s and 62.
62
Suppose -n = l - 180, -12*n - 5*l = -10*n - 369. Calculate the greatest common divisor of n and 236.
59
Let l = -306 + 438. Suppose -109 = 3*z - 406. Calculate the greatest common divisor of l and z.
33
Let o(n) = -n**2 - n + 528. Let z be o(0). Let f(h) = 15*h**3 - 40*h**2 - 7*h - 8. Let x be f(3). What is the greatest common factor of z and x?
16
Let z = -6623 + 6833. What is the highest common divisor of 240 and z?
30
Suppose -515*g = -505*g - 280. What is the greatest common factor of 3780 and g?
28
Let n = -3900 - -8561. Calculate the highest common factor of 79 and n.
79
Suppose 11*r = 17*r. Let l be (0/4)/(r - -2). Let h be 9/(-4)*(l + -12). What is the highest common divisor of h and 108?
27
Suppose -2*y + 2210 = 2*a, -7*a - 1105 = -8*a - 8*y. Calculate the highest common factor of a and 130.
65
Let s be (0 + 16/6)*(-225)/12. Let o be 3/(-9)*(-1 + s). Let n = o + -14. What is the greatest common factor of n and 12?
3
Let s(q) = -q + 2 - 15 + 9 + 6*q. Let k be s(1). Suppose r = -4*h - 3*r - 16, -5*r - 22 = 3*h. Calculate the highest common divisor of k and h.
1
Let n be (-2)/15 + (-17)/((-5865)/535141). What is the greatest common factor of 11 and n?
11
Suppose 5*j = -r - 2*r + 1018, 5*j - 1690 = -5*r. Suppose -5*b = -0*b - 70. What is the highest common factor of r and b?
14
Let d be ((-5376)/60)/(4/(-90)). What is the greatest common divisor of 28 and d?
28
Let s(h) = 0*h**2 + 15*h**2 - 16 - 45*h - 45*h + 3*h**3 + 86*h. Let n be s(-5). What is the highest common divisor of n and 268?
4
Let o be ((-12)/50)/((-240)/(-300)) + 9366/20. What is the greatest common divisor of 3146 and o?
26
Let s(q) = q**2 - q + 29. Let a be s(0). Let v = -25 + a. Suppose v*l - 3 - 1 = 0. Calculate the greatest common divisor of 3 and l.
1
Let t = -3557 + 4732. Calculate the greatest common divisor of 50 and t.
25
Suppose 128 = 4*r + 2*w, -3*r = -5*w + 359 - 442. Calculate the greatest common factor of r and 2604.
31
Let d(p) = 1 + p**2 + 4 + 3 + 3*p - 1 + 3. Let s be d(-4). What is the highest common factor of 63 and s?
7
Let x be (-22392)/(-45) + 6/15. Suppose 2*f = x - 74. Calculate the highest common divisor of 53 and f.
53
Let o = 227 + -223. Let l(d) = -3 + d**2 - 5 + 3. Let k be l(-5). Calculate the highest common divisor of o and k.
4
Let l = 955 - 680. Let w = 371 - l. What is the greatest common factor of 224 and w?
32
Let d be (-112)/14*(0 + -3). What is the greatest common factor of d and 428?
4
Let w = -82151 + 82199. Let n = -226 + 1087. Let c = n - 333. Calculate the highest common divisor of c and w.
48
Suppose 3*d = 3*x + 6201, 0 = -x + 13 - 15. Calculate the greatest common factor of 7 and d.
7
Suppose 44 = -m + 85. What is the greatest common factor of 2173 and m?
41
Suppose -4*c - 1068 - 76 = -4*l, 0 = 5*l + 4*c - 1466. Calculate the greatest common divisor of l and 435.
145
Let c = -768 - -824. Suppose 4*a = 58 + 102. Let f be a*-28*(-1)/5. What is the highest common factor of f and c?
56
Suppose -5094 - 17676 = -33*s. Suppose -g = -s - 432. Calculate the highest common divisor of 22 and g.
22
Suppose c + 3*k = -k + 183, -871 = -5*c + 2*k. Suppose 13*s - 179 = 328. Suppose -s*r = -550 - 425. What is the greatest common factor of r and c?
25
Let p(n) = 3*n - 10. Let g be p(6). Let d(a) = 7*a + 12. Let l be d(g). What is the highest common factor of l and 8?
4
Suppose -3*n + 1215 = -23*m + 21*m, 0 = 3*n - 3*m - 1215. Calculate the highest common factor of 675 and n.
135
Let v be (-3 + 33/9)/((-5)/(-75)). Suppose 12*x - 8 = v*x. Suppose 3*y - 3*l = -6*l + 99, x*y - l = 127. Calculate the highest common factor of y and 96.
32
Suppose 11 = 2*y - 5. Suppose -5 = -y*h + 11. Suppose 3*z = -3*o + 24 + 45, 4*o = -h*z + 100. What is the highest common factor of 81 and o?
27
Let a = -11869 - -12413. Suppose s - c - 15 = -3*c, -4*c + 13 = s. What is the greatest common divisor of a and s?
17
Let v(x) = 79*x + 99*x + 15 - 44*x + 4*x. Let d be v(4). Calculate the highest common factor of d and 162.
81
Suppose -3*r + 4*r = 4*t - 21, -5*r = 4*t - 15. Suppose -84 = -3*w - t*h, -3*h + 95 = 4*w - 2*h. What is the highest common factor of w and 207?
23
Let w be 2/(-14) - ((-105)/49 - 0). Let v be (-4 + w + -87 - -1)/(-2). Let f be 4/22 + (-2618)/(-242). What is the greatest common divisor of v and f?
11
Let i be 10/4*(8 - 6) + -3. Suppose 47 = -p + 4*x, -i*p - 4*x = -5*p - 109. Let g = p - -61. Calculate the greatest common divisor of 6 and g.
6
Suppose 3*h - v - 9537 = 0, -4*h - 72*v + 12716 = -73*v. Calculate the highest common divisor of 11 and h.
11
Let x(u) = -u**2 + 97*u - 1579. Let s be x(76). Calculate the highest common divisor of 26231 and s.
17
Let d be (-76426)/(-1236) + 19/6. Let u = 8 - 5. Suppose -u*o + 50 = 2*k - 2*o, -5*o = -k + 36. Calculate the highest common factor of d and k.
13
Let b(l) = -23*l + 220*l**2 + 0 + 2 - 219*l**2. Let u be b(23). Calculate the greatest common factor of u and 128.
2
Suppose 6*g + 48*g = 13*g + 13776. What is the greatest common factor of g and 64?
16
Let m(y) = -y**3 + 11*y**2 - 11*y + 27. Suppose 3*s = 5*s - z - 22, s - 29 = 5*z. Let l be m(s). What is the greatest common divisor of 135 and l?
45
Sup